t is -351 + -1405333?
-1406014
In base 7, what is 224435152 + 12?
224435164
In base 8, what is 5 + -2737612?
-2737605
In base 13, what is b9778 - -35?
b97b0
In base 7, what is -65 + -4164635?
-4165033
In base 3, what is -22020010100 - 10122?
-22020020222
In base 3, what is -20000112 + -12202111?
-102210000
In base 12, what is -1096 - 24835?
-2590b
In base 14, what is -68 - 9ab34?
-9ab9c
In base 5, what is -110 - 13341001332?
-13341001442
In base 13, what is 278347 + -66?
2782b1
In base 8, what is 2453171 + 13?
2453204
In base 12, what is -10 - -181672?
181662
In base 10, what is -1225173 + -20?
-1225193
In base 15, what is -b + -e3214?
-e3220
In base 10, what is 25614 - -4922?
30536
In base 12, what is -1011a9 + 60?
-101149
In base 8, what is 2 - 32612115?
-32612113
In base 14, what is 18aa2 + 2151?
1ac13
In base 6, what is 4 + 1024452311?
1024452315
In base 11, what is -115a27772 + -1?
-115a27773
In base 5, what is 12421232 - 2041?
12414141
In base 2, what is -111011110111010001100 + 10?
-111011110111010001010
In base 11, what is 9a1820 + -23?
9a17a8
In base 10, what is 138004 - 1480?
136524
In base 4, what is 1032 + -2013032311?
-2013031213
In base 13, what is 5 + -60aa10?
-60aa08
In base 5, what is -222 + -31000204?
-31000431
In base 16, what is -16f0 + -535a?
-6a4a
In base 5, what is -3 - -30431111112?
30431111104
In base 2, what is -11110010010010010010001 - 101?
-11110010010010010010110
In base 10, what is 2286445 - -19?
2286464
In base 4, what is 3203 - 111012201?
-111002332
In base 10, what is 35548233 - -3?
35548236
In base 10, what is -40 + 669295?
669255
In base 9, what is -6 + 3337312?
3337305
In base 6, what is 243 - 14050021?
-14045334
In base 14, what is 144d329 - -3?
144d32c
In base 8, what is -414 + 101276?
100662
In base 5, what is 30400 + 32242?
113142
In base 16, what is 5a049 - 5?
5a044
In base 14, what is -1 - 3c923dd?
-3c92400
In base 8, what is -5 + -6054730?
-6054735
In base 9, what is 1 + -16860622?
-16860621
In base 13, what is -5 + -b36b339?
-b36b341
In base 7, what is -115311 + -1321?
-116632
In base 10, what is -17205497 - -1?
-17205496
In base 12, what is 28 - 2319?
-22b1
In base 16, what is -7bd - 62d5?
-6a92
In base 10, what is 132 - 16730?
-16598
In base 14, what is -3b2d12a - 4?
-3b2d130
In base 9, what is -785738 - 141?
-785880
In base 13, what is 94a6 + 222?
96c8
In base 4, what is -130113132 - -3303?
-130103223
In base 4, what is 23213101 + 11110?
23230211
In base 16, what is -38629b + 5?
-386296
In base 12, what is -22a - -111a878?
111a64a
In base 9, what is -26314 + 2078?
-24225
In base 7, what is 6135 + -1326?
4506
In base 5, what is 20 - 40020414?
-40020344
In base 14, what is -99a + -7c28?
-87c4
In base 7, what is -32043635 - 144?
-32044112
In base 2, what is -1101 + 100010111011011000010?
100010111011010110101
In base 5, what is -200421 - 120312?
-321233
In base 7, what is 620 - -1242104?
1243024
In base 14, what is 2135 + -15905?
-137b0
In base 3, what is -101210112002 - -200110?
-101202211122
In base 13, what is 19882b05 - 4?
19882b01
In base 6, what is -5 + -12234212233?
-12234212242
In base 5, what is -2 - -100330404434?
100330404432
In base 5, what is 233 - -3134421?
3140204
In base 13, what is -135b + 6299?
4c3b
In base 12, what is -82a - -2b414?
2a7a6
In base 16, what is -db493 + -35?
-db4c8
In base 5, what is -2 + -142424321211?
-142424321213
In base 7, what is 46532245 - -151?
46532426
In base 14, what is 8 - 83310a?
-833102
In base 12, what is 3 - ab4337?
-ab4334
In base 15, what is 3 + a375c5?
a375c8
In base 7, what is -16534 + -1153?
-21020
In base 8, what is -245173067 + -1?
-245173070
In base 14, what is -9b - 2677?
-2734
In base 9, what is 18377 - -1812?
21300
In base 13, what is -4 + -21c742?
-21c746
In base 13, what is a - -807018?
807025
In base 3, what is -211 - -20101111201001?
20101111200020
In base 10, what is 4 + -24208765?
-24208761
In base 8, what is 10047651 - 3?
10047646
In base 13, what is -89532b6 - 5?
-89532bb
In base 11, what is a65a85a5 + 0?
a65a85a5
In base 8, what is -356465 + 167?
-356276
In base 14, what is -687a + -2b51?
-95cb
In base 8, what is 7 + -7651457?
-7651450
In base 10, what is -1769 - -15321?
13552
In base 14, what is 4 - 36c7a3?
-36c79d
In base 13, what is -1632c73 - 0?
-1632c73
In base 2, what is -1110111010011101010011111 + 101?
-1110111010011101010011010
In base 2, what is 101101010110111100 - -1111?
101101010111001011
In base 2, what is 111110010110111000000101010 - 1?
111110010110111000000101001
In base 13, what is -14273 - -5c?
-14214
In base 3, what is -22101 - 20011002?
-20110110
In base 2, what is -10110110001 - 1010011000101101?
-1010101111011110
In base 5, what is -34141 + 2223?
-31413
In base 16, what is 3 - 1cf3c89?
-1cf3c86
In base 14, what is -4 - 623255?
-623259
In base 12, what is -11 - -370063?
370052
In base 10, what is 3079408 - -37?
3079445
In base 12, what is 1573 - 21380?
-1ba09
In base 4, what is -10131331202 + 12?
-10131331130
In base 10, what is 121 - -38105?
38226
In base 13, what is -2750 + -1290b?
-1535b
In base 7, what is 2642110 + 5?
2642115
In base 15, what is -5 + -16c3397?
-16c339c
In base 4, what is 332210133 + 20?
332210213
In base 2, what is -1101010000 - 111011000001?
-1001000010001
In base 12, what is -6 - 4751692?
-4751698
In base 14, what is 3398c - 4d?
3393d
In base 8, what is -1346112471 - 5?
-1346112476
In base 7, what is -16300 + 30415?
11115
In base 7, what is -12 + 24315144?
24315132
In base 4, what is -322 - 210021301?
-210022223
In base 9, what is -1 + 4006624?
4006623
In base 7, what is -16213 + 21130?
1614
In base 9, what is -4 + 8306364?
8306360
In base 7, what is -30500 - 106324?
-140124
In base 6, what is -12232421 + -21?
-12232442
In base 9, what is -12438 - 281?
-12730
In base 8, what is -201244721 - 3?
-201244724
In base 11, what is 0 + 4352405?
4352405
In base 14, what is -1 - -1b6886a?
1b68869
In base 12, what is 1 - 1781a8a?
-1781a89
In base 4, what is -201 - -1110100303?
1110100102
In base 11, what is 7639705 + 9?
7639713
In base 16, what is -3a286c - -16?
-3a2856
In base 10, what is 1 + 1674344?
1674345
In base 5, what is 1001401 - 224?
1001122
In base 14, what is -1020 + 3b39b?
3a37b
In base 14, what is 59 + -1bb588?
-1bb52d
In base 2, what is 1010011110110110000001011 - -101?
1010011110110110000010000
In base 15, what is 4 + -895972?
-89596d
In base 4, what is 1030203113213 + 21?
1030203113300
In base 8, what is 1 - -11714613?
11714614
In base 12, what is 11 - -3a52b?
3a540
In base 3, what is -1 + 112122110220020110?
112122110220020102
In base 8, what is -72 + 125362?
125270
In base 14, what is -505800a7 + 1?
-505800a6
In base 12, what is -25887b3 - 5?
-25887b8
In base 9, what is 108742321 + 1?
108742322
In base 15, what is 5 + -6e2812?
-6e280c
In base 5, what is 12220422 - 30?
12220342
In base 4, what is -3 + 3032112010?
3032112001
In base 11, what is -9a3144 - -4?
-9a3140
In base 3, what is -11 - -20121200020211?
20121200020200
In base 8, what is 12654671 + 20?
12654711
In base 4, what is -322212 + -20223?
-1003101
In base 12, what is 1b - -26204b?
26206a
In base 5, what is -2401413132 - 243?
-2401413430
In base 2, what is -111000100110111001 + 1011000?
-111000100101100001
In base 14, what is -3 - -5d4438?
5d4435
In base 9, what is 38685 + 306?
40102
In base 14, what is -64 + -91a9?
-922d
In base 14, what is 5 - 137d8bab?
-137d8ba6
In base 5, what is 3422044 - -12?
3422111
In base 9, what is 1610765 + 22?
1610787
In base 8, what is -3 + 3153345?
3153342
In base 3, what is -2221022211100 + -21?
-2221022211121
In base 11, what is -7 + -11a12178?
-11a12184
In base 6, what is 1232331 + 151?
1232522
In base 4, what is 12 + 10203033222213?
10203033222231
In base 4, what is -301012310 - -211?
-301012033
In base 7, what is 16320 - 1224352?
-1205032
In base 7, what is 65 - -40243255?
40243353
In base 5, what is -2143 - -4101123?
4043430
In base 16, what is -289d282 - 5?
-289d287
In base 5, what is -11421042332120 + 2?
-11421042332113
In base 16, what is -1 - -9e1b449?
9e1b448
In base 16, what is -b + -8c7d6e?
-8c7d79
In base 15, what is 21 + -13d5?
-13b4
In base 3, what is 102111 + 201121121020?
201122000201
In base 3, what is -122 - 102101122101220?
-102101122102112
In base 15, what is 1e66